= 39 - 47. Let u be 18/q + (-4)/(-16). What is the units digit of ((-14)/(-3))/(35/(-18) - u)?
4
Suppose g = 3*h - 1134 - 79, -400 = -h - 4*g. Suppose h = 3*y - y + 2*w, 5*w + 817 = 4*y. What is the units digit of y?
3
What is the units digit of 5 - 1/(-1) - 398*-127?
2
Suppose 6*a - 84*a + 3897192 = 0. What is the ten thousands digit of a?
4
Suppose -4*z = 0, -r - 3*r - 2*z + 2424 = 0. Let d = -309 + r. What is the tens digit of d?
9
Let u = 9022 + -2786. What is the tens digit of u?
3
Let x = 171 + -177. What is the hundreds digit of (9/(45/508))/(x/(-15))?
2
Let o = 198 + -90. Suppose 18*c - 16*c - 38 = -5*a, -106 = -4*c + 5*a. Suppose o = -c*f + 25*f. What is the tens digit of f?
0
Let m(s) = s**2 + 8*s + 19. Let w be m(-5). Suppose -w*x + 4244 = -2*f, 8*x + 3197 = 11*x - 5*f. What is the tens digit of x?
5
Let y(m) = 40*m + 8. Let p be y(8). Let r be -1 + p/(-28) + 4/(-14). Let g = r - -23. What is the tens digit of g?
1
Suppose -14*g - 4420 = 3*g. Let x = g - -433. What is the tens digit of x?
7
Let f = -18 + 17. Let i be 0 - (f - (1 + 1)/(-1)). Let n(s) = -64*s + 1. What is the units digit of n(i)?
5
Suppose 2*b - v - 3*v + 110 = 0, -3*b + 3*v - 171 = 0. Let h = -55 - b. Suppose -h*z = -n + 200, 2*z - 800 = -4*n + 6*z. What is the tens digit of n?
0
Let i(d) = 2507*d - 7439. What is the ten thousands digit of i(14)?
2
Let z(u) = -65*u + 234. What is the thousands digit of z(-26)?
1
Suppose 500*f = 67*f + 16855824. What is the tens digit of f?
2
Let k(c) be the second derivative of c**5/20 - 17*c**4/12 + 7*c**3/6 + 25*c**2/2 + 16*c. What is the tens digit of k(19)?
8
Suppose 26*q = -72*q + 7857613 - 2971137. What is the hundreds digit of q?
8
Let t(o) = 2*o**2 + 12*o + 5. Let y be t(-6). Let w be (y/(-5))/((-1)/3*1). What is the units digit of (-56)/(-1*6/w)?
8
Let q = -40639 + 58385. What is the thousands digit of q?
7
What is the hundreds digit of 1*(8 + 3176 + 15)?
1
What is the ten thousands digit of ((-40940)/(-14))/(324/1134)?
1
Let q(c) be the second derivative of c**3/6 + 25*c**2/2 + 6*c. Let h be q(0). What is the hundreds digit of -1*(-60)/h*60?
1
Let m(j) = 10*j**2 + 100*j - 539. What is the tens digit of m(23)?
5
Let q(v) = v**3 - v**2 - 2*v - 1. Let n(b) = 2*b**3 - 17*b**2 - 11*b - 14. Let o(w) = n(w) - 6*q(w). What is the tens digit of o(-5)?
1
Let m(v) = 24*v**2 + 5*v + 4. Let n be m(-3). What is the hundreds digit of (1148/n)/(2/290)?
8
Suppose -24*q + 93 = -27*q + 3*g, 3*q = 5*g - 101. Suppose 0 = m + 4*m + 15. What is the units digit of (q + m)/((-9)/42) + 2?
2
Suppose 786186 = 326*q - 272*q. What is the hundreds digit of q?
5
Suppose 0 = -9*o + 46 - 19. Suppose -4*y - c - 133 = -412, -5*y + 3*c + 353 = 0. What is the tens digit of y*(1 - o - -4)?
4
Let w be -16*((-13)/2 - -4). Suppose 0 = t + i + 1, 3*i - 7*i - w = -5*t. Suppose 2*l = -t*n + 42, -2*n - 3*n - l = -51. What is the units digit of n?
0
Suppose -42*h = -44*h + 8. Suppose 2 = 2*c + h. What is the hundreds digit of 5710/55 - (13/(-11) - c)?
1
Let o = 27 - 23. Let m be -1 - (-2)/o - (-931)/38. What is the units digit of 16/m*-3*(-34)/4?
7
Suppose -47*t + 600 = -44*t. Let k = -27 + t. What is the units digit of k?
3
Let i(v) = v + 3. Let k(t) = -3*t - 74. Let u(h) = 4*i(h) - k(h). What is the units digit of u(9)?
9
Let u be 874/10 + (-18)/120*-4. Suppose -5*w - 3*m + 468 = 0, -w - 6*m + u = -4*m. Suppose 3*p + 4*x - w = 23, -3*x - 57 = -p. What is the tens digit of p?
4
Let c(t) = -20*t - 8. Suppose 41 = 2*l + 29. Suppose -l*n - 2 = -5*n. What is the tens digit of c(n)?
3
Suppose 1404 = 7*b + 221. Let l be (-2)/7*1 + (-1380)/70. Let v = b + l. What is the units digit of v?
9
Suppose -2*g = -b - 4*b - 204, 477 = 5*g + 4*b. What is the units digit of (8 - 10)*-1*g + 5?
9
What is the hundreds digit of ((-747)/36 - -21) + (-3)/(-12)*191223?
8
Suppose 119*u - 120*u - 4*r + 485 = 0, r + 4 = 0. What is the hundreds digit of u?
5
Let r(q) = q**3 + 16*q**2 + 4. Let b be r(-16). Let x be 2/(b/5)*2. Suppose -x*n + 6*n - 216 = 0. What is the units digit of n?
6
Let m be (-3 - -2) + 7 - 2 - -9. Let j(i) = 26*i + 18. What is the tens digit of j(m)?
5
Suppose 155 = 2*j - 123. Suppose -5*p - j - 171 = 0. Let m = -17 - p. What is the tens digit of m?
4
Suppose 360862 = 22*u - 7550. What is the tens digit of u?
4
Let p(q) = -23*q**2 - 3*q. Let c be p(-2). Let k(y) = -10*y**2 + 4*y - 5. Let m be k(4). Let z = c - m. What is the tens digit of z?
6
Let a(k) = 4436*k**3 - 2*k**2 - 19*k + 44. What is the hundreds digit of a(2)?
4
Let k be (-3)/9 + (-40)/(-12). Suppose 52 = k*u - 818. Let o = 496 - u. What is the units digit of o?
6
Let s(w) = -w + 2. Let k be s(-4). Let z be (2 - 356/(-8))*k. Suppose z - 24 = 3*u. What is the tens digit of u?
8
Let h(y) = 34*y**3 + 3*y - y**2 - 7 + 2*y - 35*y**3. Let b be h(-6). Suppose -5*p = -7 - b. What is the tens digit of p?
3
Suppose w + o = -2*w + 9, -3*o - 5 = w. Suppose -172 = -3*m - w*n - 37, -4*n = 0. Let d = m - 16. What is the units digit of d?
9
Let f be 2/(-6)*(13 - -2). Let m be f/((-13)/2 - -4). Suppose -d + 38 = 4*j - 12, -4*d = m*j - 172. What is the tens digit of d?
4
Suppose 0 = -10*u + 5*u + 2*y + 427, -3*u = -5*y - 260. Suppose -328 = -4*a - o, 4*a - 306 - 22 = 5*o. Suppose -69 = a*g - u*g. What is the tens digit of g?
2
Suppose 275 + 1965 = -8*q. Let l = 56 - q. What is the hundreds digit of l?
3
Suppose 0 = -63*q + 152377 + 116192. What is the tens digit of q?
6
Let p(x) = 249*x**2 - 13*x - 26. What is the thousands digit of p(-3)?
2
Suppose 22638 = 24*u - 10*u. Let q = -1094 + u. What is the tens digit of q?
2
Suppose 5*n + 2*f - 38564 = 0, -10*n + 12*n + 4*f = 15432. What is the tens digit of n?
1
Let i = -10143 + 16970. What is the tens digit of i?
2
Let q(o) = 329*o**2 + 10*o - 6. Let d be q(2). Suppose -21*w + 2*w + d = 0. What is the tens digit of w?
7
Let w(y) = 2*y**2 - 40*y - 38. Let h be w(21). Suppose h*c + 932 - 6308 = 0. What is the units digit of c?
4
Let i(u) = -175*u - 63. Let w(g) = -702*g - 250. Let v(r) = 11*i(r) - 3*w(r). What is the tens digit of v(5)?
6
Let u(n) = 166*n + 26. Suppose -4*y + 4*a + 7 = 3*a, -5*a = -5*y + 5. What is the hundreds digit of u(y)?
3
Let x(j) = 30*j + 6. Let b be x(4). Let o = b + -122. What is the tens digit of ((-32)/o)/(1/(-36))?
8
Suppose -3*w = u - 234, 4*u - 4*w = 370 + 518. What is the units digit of u?
5
Let j be (-6)/(-8) - ((-23)/(-4) + -7). What is the tens digit of j*3*(-7 + (8 - -39))?
4
Let a(c) = c + 67. Let t = -138 - -156. What is the tens digit of a(t)?
8
Suppose 5*y + 7 = 3*g - 1, 4*y - 3*g + 7 = 0. What is the units digit of y/(-6) + 17512/48?
5
Suppose -2*w + 4*h = -1018, -9*w = -6*w - 3*h - 1521. Let r = 904 - w. What is the units digit of r?
9
Let l be 4 + -3*8/12. Suppose -4*u + 35*v + 20 = 32*v, 5*u - 4*v = 24. Suppose -9*z + l = -u*z. What is the units digit of z?
2
Let z be (-12)/10*-157*25/10. Suppose 2*g - 191 = x, -5*g + 2*x - 6*x + z = 0. What is the units digit of g?
5
Suppose 667698 - 380915 + 1041698 = 81*s. What is the units digit of s?
1
Suppose 5*n - 2938 = -3*j, 6*j - 4*j - 2352 = -4*n. What is the tens digit of n?
9
What is the units digit of (210/20)/(27/13518)?
7
Let d(l) = 60*l**2 - 5*l + 9. Let i(n) = 181*n**2 - 16*n + 28. Let u(m) = 7*d(m) - 2*i(m). What is the units digit of u(5)?
2
Suppose -2*x - 2*z + 4 = -z, -z = x. Let r be (-360)/(-75) - (-6)/30. Suppose -5*i = 4*j + x - 1, -8 = 2*i + r*j. What is the units digit of i?
1
Let z(y) = -922*y - 133. Let j be z(-9). What is the hundreds digit of j/9 - (-7)/63*-2?
9
Suppose 10*y = 52 - 12. Suppose -5*l + a = -3394, 0 = -y*l + 6*a - a + 2711. What is the units digit of l?
9
Suppose -5*n + 1457 = -4*n. Suppose 7*f - 1021 = n. What is the hundreds digit of f?
3
Suppose -3 = -7*h + 25. Suppose -h*c + 828 = 2*q - 678, -3*c - 9 = 0. Suppose 3*w - 3*z = q, 4*w - 3*z = 191 + 825. What is the units digit of w?
7
Suppose -56*a + 32203 + 26572 = -14473. What is the thousands digit of a?
1
Let b(c) = 589*c + 448. What is the thousands digit of b(12)?
7
Let j(y) = 2*y**2 - 19*y - 226. Let h be j(-7). Suppose 0 = n - 22 - 8. Suppose 220 = h*a - n. What is the units digit of a?
0
Let g(s) be the third derivative of 29*s**4/8 + 5*s**3/6 + 26*s**2. Let i be g(4). Let u = i + -203. What is the tens